{"id":4640,"date":"2022-07-08T19:20:33","date_gmt":"2022-07-08T17:20:33","guid":{"rendered":"https:\/\/groupestarter.com\/?page_id=4640"},"modified":"2023-07-06T09:38:54","modified_gmt":"2023-07-06T07:38:54","slug":"business","status":"publish","type":"page","link":"https:\/\/groupestarter.fr\/index.php\/home\/business\/","title":{"rendered":"Business"},"content":{"rendered":"\t\t<div data-elementor-type=\"wp-page\" data-elementor-id=\"4640\" class=\"elementor elementor-4640\">\n\t\t\t\t\t\t\t\t\t<section class=\"elementor-section elementor-top-section elementor-element elementor-element-917925d pt180 pb180 pt-xs-80 pb-xs-80 elementor-section-boxed elementor-section-height-default elementor-section-height-default bg-light\" data-id=\"917925d\" data-element_type=\"section\" data-settings=\"{&quot;background_background&quot;:&quot;gradient&quot;}\">\n\t\t\t\t\t\t<div class=\"elementor-container elementor-column-gap-default\">\n\t\t\t\t\t<div class=\"elementor-column elementor-col-100 elementor-top-column elementor-element elementor-element-b1ff727\" data-id=\"b1ff727\" data-element_type=\"column\">\n\t\t\t<div class=\"elementor-widget-wrap elementor-element-populated\">\n\t\t\t\t\t\t\t\t<div class=\"elementor-element elementor-element-e1e6f3e animated-slow elementor-invisible elementor-widget elementor-widget-image\" data-id=\"e1e6f3e\" data-element_type=\"widget\" data-settings=\"{&quot;_animation&quot;:&quot;fadeIn&quot;}\" data-widget_type=\"image.default\">\n\t\t\t\t<div class=\"elementor-widget-container\">\n\t\t\t<style>\/*! elementor - v3.6.5 - 27-04-2022 *\/\n.elementor-widget-image{text-align:center}.elementor-widget-image a{display:inline-block}.elementor-widget-image a img[src$=\".svg\"]{width:48px}.elementor-widget-image img{vertical-align:middle;display:inline-block}<\/style>\t\t\t\t\t\t\t\t\t\t\t\t<img loading=\"lazy\" decoding=\"async\" width=\"2265\" height=\"669\" src=\"https:\/\/groupestarter.fr\/wp-content\/uploads\/2023\/04\/Groupe-Starter-HD-RVB.png\" class=\"attachment-full size-full\" alt=\"\" srcset=\"https:\/\/groupestarter.fr\/wp-content\/uploads\/2023\/04\/Groupe-Starter-HD-RVB.png 2265w, https:\/\/groupestarter.fr\/wp-content\/uploads\/2023\/04\/Groupe-Starter-HD-RVB-300x89.png 300w, https:\/\/groupestarter.fr\/wp-content\/uploads\/2023\/04\/Groupe-Starter-HD-RVB-1024x302.png 1024w, https:\/\/groupestarter.fr\/wp-content\/uploads\/2023\/04\/Groupe-Starter-HD-RVB-768x227.png 768w, https:\/\/groupestarter.fr\/wp-content\/uploads\/2023\/04\/Groupe-Starter-HD-RVB-1536x454.png 1536w, https:\/\/groupestarter.fr\/wp-content\/uploads\/2023\/04\/Groupe-Starter-HD-RVB-2048x605.png 2048w, https:\/\/groupestarter.fr\/wp-content\/uploads\/2023\/04\/Groupe-Starter-HD-RVB-600x177.png 600w\" sizes=\"auto, (max-width: 2265px) 100vw, 2265px\" \/>\t\t\t\t\t\t\t\t\t\t\t\t\t\t\t<\/div>\n\t\t\t\t<\/div>\n\t\t\t\t\t<\/div>\n\t\t<\/div>\n\t\t\t\t\t\t\t<\/div>\n\t\t<\/section>\n\t\t\t\t<section class=\"elementor-section elementor-top-section elementor-element elementor-element-6bd7423 elementor-section-boxed elementor-section-height-default elementor-section-height-default bg-light\" data-id=\"6bd7423\" data-element_type=\"section\" data-settings=\"{&quot;background_background&quot;:&quot;gradient&quot;}\">\n\t\t\t\t\t\t<div class=\"elementor-container elementor-column-gap-default\">\n\t\t\t\t\t<div class=\"elementor-column elementor-col-100 elementor-top-column elementor-element elementor-element-62a1354\" data-id=\"62a1354\" data-element_type=\"column\">\n\t\t\t<div class=\"elementor-widget-wrap elementor-element-populated\">\n\t\t\t\t\t\t\t\t<div class=\"elementor-element elementor-element-cd4f8c8 elementor-widget elementor-widget-tlg_heading\" data-id=\"cd4f8c8\" data-element_type=\"widget\" data-widget_type=\"tlg_heading.default\">\n\t\t\t\t<div class=\"elementor-widget-container\">\n\t\t\t<div class=\"tlg-heading mb16 mb-xs-40 text-center\"><h1 class=\"widgettitle mb0\">NOS ENTREPRISES<\/h1><div class=\"widgetsubtitle \">Our companies<\/div><\/div>\t\t<\/div>\n\t\t\t\t<\/div>\n\t\t\t\t\t<\/div>\n\t\t<\/div>\n\t\t\t\t\t\t\t<\/div>\n\t\t<\/section>\n\t\t\t\t<section class=\"elementor-section elementor-top-section elementor-element elementor-element-3a64365 elementor-hidden-desktop elementor-section-boxed elementor-section-height-default elementor-section-height-default bg-light elementor-invisible\" data-id=\"3a64365\" data-element_type=\"section\" data-settings=\"{&quot;animation&quot;:&quot;zoomIn&quot;}\">\n\t\t\t\t\t\t<div class=\"elementor-container elementor-column-gap-default\">\n\t\t\t\t\t<div class=\"elementor-column elementor-col-100 elementor-top-column elementor-element elementor-element-c1bc306\" data-id=\"c1bc306\" data-element_type=\"column\">\n\t\t\t<div class=\"elementor-widget-wrap elementor-element-populated\">\n\t\t\t\t\t\t\t\t<div class=\"elementor-element elementor-element-026dfa4 elementor-widget__width-inherit e-transform elementor-widget elementor-widget-tlg_image_text_slider\" data-id=\"026dfa4\" data-element_type=\"widget\" data-settings=\"{&quot;_transform_skewX_effect&quot;:{&quot;unit&quot;:&quot;px&quot;,&quot;size&quot;:&quot;&quot;,&quot;sizes&quot;:[]},&quot;_transform_skewX_effect_tablet&quot;:{&quot;unit&quot;:&quot;px&quot;,&quot;size&quot;:&quot;&quot;,&quot;sizes&quot;:[]},&quot;_transform_skewX_effect_mobile&quot;:{&quot;unit&quot;:&quot;px&quot;,&quot;size&quot;:&quot;&quot;,&quot;sizes&quot;:[]},&quot;_transform_skewY_effect&quot;:{&quot;unit&quot;:&quot;px&quot;,&quot;size&quot;:&quot;&quot;,&quot;sizes&quot;:[]},&quot;_transform_skewY_effect_tablet&quot;:{&quot;unit&quot;:&quot;px&quot;,&quot;size&quot;:&quot;&quot;,&quot;sizes&quot;:[]},&quot;_transform_skewY_effect_mobile&quot;:{&quot;unit&quot;:&quot;px&quot;,&quot;size&quot;:&quot;&quot;,&quot;sizes&quot;:[]}}\" data-widget_type=\"tlg_image_text_slider.default\">\n\t\t\t\t<div class=\"elementor-widget-container\">\n\t\t\t<section class=\"p0 tlg-carousel   \"><div class=\"intro-carousel-box blog-carousel owl-carousel owl-theme blog-carousel-detail three-columns\"><div class=\"image-text\"><div class=\"grid-blog hover-border image-boxed\"><div class=\"intro-content-box icon-hover boxed-intro blog-boxed overflow-hidden heavy-shadow zoom-hover\">\r\n\t\t\t\t\t\t\t\t<div class=\"overflow-hidden relative\">\r\n\t                \t\t\t\t<div class=\"intro-image overflow-hidden relative\"><img decoding=\"async\" src=\"https:\/\/groupestarter.fr\/wp-content\/uploads\/2023\/04\/Fichier-2.png\" alt=\"image-text\"><\/div>\r\n\t\t\t\t\t\t\t\t<\/div>\r\n\t\t\t\t\t\t\t\t<div class=\"image-text-content\"><h3><center>Treuils et potences<\/h3><h5 class=\"\"><center> Winches and jib cranes<\/h5><p><font color=\"white\">.<\/p><\/div>\r\n\t\t\t\t\t\t\t<\/div><\/div><\/div><div class=\"image-text\"><div class=\"grid-blog hover-border image-boxed\"><div class=\"intro-content-box icon-hover boxed-intro blog-boxed overflow-hidden heavy-shadow zoom-hover\">\r\n\t\t\t\t\t\t\t\t<div class=\"overflow-hidden relative\">\r\n\t                \t\t\t\t<div class=\"intro-image overflow-hidden relative\"><img decoding=\"async\" src=\"https:\/\/groupestarter.fr\/wp-content\/uploads\/2023\/04\/Fichier-1.png\" alt=\"image-text\"><\/div>\r\n\t\t\t\t\t\t\t\t<\/div>\r\n\t\t\t\t\t\t\t\t<div class=\"image-text-content\"><h3><center>V\u00e9hicules de d\u00e9pannage<\/h3><h5 class=\"\"><center>Tow trucks<\/h5><p><font color=\"white\">.<\/p><\/div>\r\n\t\t\t\t\t\t\t<\/div><\/div><\/div><div class=\"image-text\"><div class=\"grid-blog hover-border image-boxed\"><div class=\"intro-content-box icon-hover boxed-intro blog-boxed overflow-hidden heavy-shadow zoom-hover\">\r\n\t\t\t\t\t\t\t\t<div class=\"overflow-hidden relative\">\r\n\t                \t\t\t\t<div class=\"intro-image overflow-hidden relative\"><img decoding=\"async\" src=\"https:\/\/groupestarter.fr\/wp-content\/uploads\/2023\/04\/OBI4.png\" alt=\"image-text\"><\/div>\r\n\t\t\t\t\t\t\t\t<\/div>\r\n\t\t\t\t\t\t\t\t<div class=\"image-text-content\"><h3><center> Equipements pour v\u00e9hicules tout-terrain<\/h3><h5 class=\"\"><center>All terrain vehicle equipement<\/h5><\/div>\r\n\t\t\t\t\t\t\t<\/div><\/div><\/div><\/div><\/section>\t\t<script>\r\n            ;(function($){\r\n                \"use strict\";\r\n                $(document).ready(function () {\r\n                \tjQuery('.blog-carousel.one-column').owlCarousel({autoplay: 3000, autoplaySpeed: 500, nav: true, dots: true, loop: true, margin:1, responsive:{ 0:{items:1}, 700:{items:2}, 1100:{items:1}, 1600:{items:1} }});\r\n                    jQuery('.blog-carousel.four-columns').owlCarousel({nav: true, dots: true, loop: true, margin:1, responsive:{ 0:{items:1}, 700:{items:2}, 1100:{items:4}, 1600:{items:4} }});\r\n\t\t\t        jQuery('.blog-carousel.three-columns').owlCarousel({nav: true, dots: true, loop: true, margin:1, responsive:{ 0:{items:1}, 700:{items:2}, 1100:{items:3}, 1600:{items:3} }});\r\n\t\t\t        jQuery('.blog-carousel.two-columns').owlCarousel({nav: true, dots: true, loop: true, margin:1, responsive:{ 0:{items:1}, 700:{items:2}, 1100:{items:2}, 1600:{items:2} }});\r\n\t\t\t        jQuery('.blog-carousel-rtl.one-column').owlCarousel({rtl: true, autoplay: 3000, autoplaySpeed: 500, nav: true, dots: true, loop: true, margin:1, responsive:{ 0:{items:1}, 700:{items:1}, 1100:{items:1}, 1600:{items:1} }});\r\n\t\t\t        jQuery('.blog-carousel-rtl.four-columns').owlCarousel({rtl: true, nav: true, dots: true, loop: true, margin:1, responsive:{ 0:{items:1}, 700:{items:2}, 1100:{items:4}, 1600:{items:4} }});\r\n\t\t\t        jQuery('.blog-carousel-rtl.three-columns').owlCarousel({rtl: true, nav: true, dots: true, loop: true, margin:1, responsive:{ 0:{items:1}, 700:{items:2}, 1100:{items:3}, 1600:{items:3} }});\r\n\t\t\t        jQuery('.blog-carousel-rtl.two-columns').owlCarousel({rtl: true, nav: true, dots: true, loop: true, margin:1, responsive:{ 0:{items:1}, 700:{items:2}, 1100:{items:2}, 1600:{items:2} }});\r\n                })\r\n            })(jQuery)\r\n        <\/script>\r\n\t\t\t\t<\/div>\n\t\t\t\t<\/div>\n\t\t\t\t\t<\/div>\n\t\t<\/div>\n\t\t\t\t\t\t\t<\/div>\n\t\t<\/section>\n\t\t\t\t<section class=\"elementor-section elementor-top-section elementor-element elementor-element-ab600c0 elementor-section-boxed elementor-section-height-default elementor-section-height-default bg-light\" data-id=\"ab600c0\" data-element_type=\"section\">\n\t\t\t\t\t\t<div class=\"elementor-container elementor-column-gap-default\">\n\t\t\t\t\t<div class=\"elementor-column elementor-col-33 elementor-top-column elementor-element elementor-element-19c79f1\" data-id=\"19c79f1\" data-element_type=\"column\">\n\t\t\t<div class=\"elementor-widget-wrap elementor-element-populated\">\n\t\t\t\t\t\t\t\t<div class=\"elementor-element elementor-element-f64fb42 elementor-widget elementor-widget-image-carousel\" data-id=\"f64fb42\" data-element_type=\"widget\" data-settings=\"{&quot;slides_to_show&quot;:&quot;1&quot;,&quot;navigation&quot;:&quot;none&quot;,&quot;autoplay&quot;:&quot;yes&quot;,&quot;pause_on_hover&quot;:&quot;yes&quot;,&quot;pause_on_interaction&quot;:&quot;yes&quot;,&quot;autoplay_speed&quot;:5000,&quot;infinite&quot;:&quot;yes&quot;,&quot;effect&quot;:&quot;slide&quot;,&quot;speed&quot;:500}\" data-widget_type=\"image-carousel.default\">\n\t\t\t\t<div class=\"elementor-widget-container\">\n\t\t\t<style>\/*! elementor - v3.6.5 - 27-04-2022 *\/\n.elementor-widget-image-carousel .swiper-container{position:static}.elementor-widget-image-carousel .swiper-container .swiper-slide figure{line-height:inherit}.elementor-widget-image-carousel .swiper-slide{text-align:center}.elementor-image-carousel-wrapper:not(.swiper-container-initialized) .swiper-slide{max-width:calc(100% \/ var(--e-image-carousel-slides-to-show, 3))}<\/style>\t\t<div class=\"elementor-image-carousel-wrapper swiper-container\" dir=\"ltr\">\n\t\t\t<div class=\"elementor-image-carousel swiper-wrapper\">\n\t\t\t\t\t\t\t\t<div class=\"swiper-slide\"><figure class=\"swiper-slide-inner\"><img decoding=\"async\" class=\"swiper-slide-image\" src=\"https:\/\/groupestarter.fr\/wp-content\/uploads\/2023\/04\/Fichier-2.png\" alt=\"Fichier 2\" \/><\/figure><\/div>\t\t\t<\/div>\n\t\t\t\t\t<\/div>\n\t\t\t\t<\/div>\n\t\t\t\t<\/div>\n\t\t\t\t\t<\/div>\n\t\t<\/div>\n\t\t\t\t<div class=\"elementor-column elementor-col-33 elementor-top-column elementor-element elementor-element-f8b73e9\" data-id=\"f8b73e9\" data-element_type=\"column\">\n\t\t\t<div class=\"elementor-widget-wrap elementor-element-populated\">\n\t\t\t\t\t\t\t\t<div class=\"elementor-element elementor-element-aabd076 elementor-widget elementor-widget-image-carousel\" data-id=\"aabd076\" data-element_type=\"widget\" data-settings=\"{&quot;slides_to_show&quot;:&quot;1&quot;,&quot;navigation&quot;:&quot;none&quot;,&quot;autoplay&quot;:&quot;yes&quot;,&quot;pause_on_hover&quot;:&quot;yes&quot;,&quot;pause_on_interaction&quot;:&quot;yes&quot;,&quot;autoplay_speed&quot;:5000,&quot;infinite&quot;:&quot;yes&quot;,&quot;effect&quot;:&quot;slide&quot;,&quot;speed&quot;:500}\" data-widget_type=\"image-carousel.default\">\n\t\t\t\t<div class=\"elementor-widget-container\">\n\t\t\t\t\t<div class=\"elementor-image-carousel-wrapper swiper-container\" dir=\"ltr\">\n\t\t\t<div class=\"elementor-image-carousel swiper-wrapper\">\n\t\t\t\t\t\t\t\t<div class=\"swiper-slide\"><figure class=\"swiper-slide-inner\"><img decoding=\"async\" class=\"swiper-slide-image\" src=\"https:\/\/groupestarter.fr\/wp-content\/uploads\/2023\/04\/Fichier-1-e1682364490302.png\" alt=\"Fichier 1\" \/><\/figure><\/div>\t\t\t<\/div>\n\t\t\t\t\t<\/div>\n\t\t\t\t<\/div>\n\t\t\t\t<\/div>\n\t\t\t\t\t<\/div>\n\t\t<\/div>\n\t\t\t\t<div class=\"elementor-column elementor-col-33 elementor-top-column elementor-element elementor-element-8b896ed\" data-id=\"8b896ed\" data-element_type=\"column\">\n\t\t\t<div class=\"elementor-widget-wrap elementor-element-populated\">\n\t\t\t\t\t\t\t\t<div class=\"elementor-element elementor-element-ea09714 elementor-widget elementor-widget-image-carousel\" data-id=\"ea09714\" data-element_type=\"widget\" data-settings=\"{&quot;slides_to_show&quot;:&quot;1&quot;,&quot;navigation&quot;:&quot;none&quot;,&quot;autoplay&quot;:&quot;yes&quot;,&quot;pause_on_hover&quot;:&quot;yes&quot;,&quot;pause_on_interaction&quot;:&quot;yes&quot;,&quot;autoplay_speed&quot;:5000,&quot;infinite&quot;:&quot;yes&quot;,&quot;effect&quot;:&quot;slide&quot;,&quot;speed&quot;:500}\" data-widget_type=\"image-carousel.default\">\n\t\t\t\t<div class=\"elementor-widget-container\">\n\t\t\t\t\t<div class=\"elementor-image-carousel-wrapper swiper-container\" dir=\"ltr\">\n\t\t\t<div class=\"elementor-image-carousel swiper-wrapper\">\n\t\t\t\t\t\t\t\t<div class=\"swiper-slide\"><figure class=\"swiper-slide-inner\"><img decoding=\"async\" class=\"swiper-slide-image\" src=\"https:\/\/groupestarter.fr\/wp-content\/uploads\/2023\/04\/Fichier-8-e1681399120846.png\" alt=\"Fichier 8\" \/><\/figure><\/div>\t\t\t<\/div>\n\t\t\t\t\t<\/div>\n\t\t\t\t<\/div>\n\t\t\t\t<\/div>\n\t\t\t\t\t<\/div>\n\t\t<\/div>\n\t\t\t\t\t\t\t<\/div>\n\t\t<\/section>\n\t\t\t\t<section class=\"elementor-section elementor-top-section elementor-element elementor-element-0014e08 elementor-section-boxed elementor-section-height-default elementor-section-height-default bg-light\" data-id=\"0014e08\" data-element_type=\"section\" data-settings=\"{&quot;background_background&quot;:&quot;classic&quot;}\">\n\t\t\t\t\t\t<div class=\"elementor-container elementor-column-gap-default\">\n\t\t\t\t\t<div class=\"elementor-column elementor-col-33 elementor-top-column elementor-element elementor-element-c4ee7f8\" data-id=\"c4ee7f8\" data-element_type=\"column\">\n\t\t\t<div class=\"elementor-widget-wrap elementor-element-populated\">\n\t\t\t\t\t\t\t\t<div class=\"elementor-element elementor-element-1974533 elementor-align-center elementor-widget elementor-widget-button\" data-id=\"1974533\" data-element_type=\"widget\" data-widget_type=\"button.default\">\n\t\t\t\t<div class=\"elementor-widget-container\">\n\t\t\t\t\t<div class=\"elementor-button-wrapper\">\n\t\t\t<a href=\"http:\/\/www.starterwinches.fr\" class=\"elementor-button-link elementor-button elementor-size-md elementor-animation-float\" role=\"button\">\n\t\t\t\t\t\t<span class=\"elementor-button-content-wrapper\">\n\t\t\t\t\t\t\t<span class=\"elementor-button-icon elementor-align-icon-right\">\n\t\t\t\t<i aria-hidden=\"true\" class=\"fas fa-mouse-pointer\"><\/i>\t\t\t<\/span>\n\t\t\t\t\t\t<span class=\"elementor-button-text\">Starter Winches<\/span>\n\t\t<\/span>\n\t\t\t\t\t<\/a>\n\t\t<\/div>\n\t\t\t\t<\/div>\n\t\t\t\t<\/div>\n\t\t\t\t<div class=\"elementor-element elementor-element-6ea24ae elementor-align-center elementor-widget elementor-widget-button\" data-id=\"6ea24ae\" data-element_type=\"widget\" data-widget_type=\"button.default\">\n\t\t\t\t<div class=\"elementor-widget-container\">\n\t\t\t\t\t<div class=\"elementor-button-wrapper\">\n\t\t\t<a href=\"http:\/\/www.argevinc.com.tr\/\" class=\"elementor-button-link elementor-button elementor-size-md elementor-animation-float\" role=\"button\">\n\t\t\t\t\t\t<span class=\"elementor-button-content-wrapper\">\n\t\t\t\t\t\t\t<span class=\"elementor-button-icon elementor-align-icon-right\">\n\t\t\t\t<i aria-hidden=\"true\" class=\"fas fa-mouse-pointer\"><\/i>\t\t\t<\/span>\n\t\t\t\t\t\t<span class=\"elementor-button-text\">Argevin\u00e7<\/span>\n\t\t<\/span>\n\t\t\t\t\t<\/a>\n\t\t<\/div>\n\t\t\t\t<\/div>\n\t\t\t\t<\/div>\n\t\t\t\t\t<\/div>\n\t\t<\/div>\n\t\t\t\t<div class=\"elementor-column elementor-col-33 elementor-top-column elementor-element elementor-element-709c5d6\" data-id=\"709c5d6\" data-element_type=\"column\">\n\t\t\t<div class=\"elementor-widget-wrap elementor-element-populated\">\n\t\t\t\t\t\t\t\t<div class=\"elementor-element elementor-element-5ccf597 elementor-align-center elementor-widget elementor-widget-button\" data-id=\"5ccf597\" data-element_type=\"widget\" data-widget_type=\"button.default\">\n\t\t\t\t<div class=\"elementor-widget-container\">\n\t\t\t\t\t<div class=\"elementor-button-wrapper\">\n\t\t\t<a href=\"http:\/\/www.equipmen.fr\" class=\"elementor-button-link elementor-button elementor-size-md elementor-animation-float\" role=\"button\">\n\t\t\t\t\t\t<span class=\"elementor-button-content-wrapper\">\n\t\t\t\t\t\t\t<span class=\"elementor-button-icon elementor-align-icon-right\">\n\t\t\t\t<i aria-hidden=\"true\" class=\"fas fa-mouse-pointer\"><\/i>\t\t\t<\/span>\n\t\t\t\t\t\t<span class=\"elementor-button-text\">Equipmen<\/span>\n\t\t<\/span>\n\t\t\t\t\t<\/a>\n\t\t<\/div>\n\t\t\t\t<\/div>\n\t\t\t\t<\/div>\n\t\t\t\t\t<\/div>\n\t\t<\/div>\n\t\t\t\t<div class=\"elementor-column elementor-col-33 elementor-top-column elementor-element elementor-element-4c5d933\" data-id=\"4c5d933\" data-element_type=\"column\">\n\t\t\t<div class=\"elementor-widget-wrap elementor-element-populated\">\n\t\t\t\t\t\t\t\t<div class=\"elementor-element elementor-element-865881c elementor-align-center elementor-widget elementor-widget-button\" data-id=\"865881c\" data-element_type=\"widget\" data-widget_type=\"button.default\">\n\t\t\t\t<div class=\"elementor-widget-container\">\n\t\t\t\t\t<div class=\"elementor-button-wrapper\">\n\t\t\t<a href=\"http:\/\/www.outback-import.fr\" class=\"elementor-button-link elementor-button elementor-size-md elementor-animation-float\" role=\"button\">\n\t\t\t\t\t\t<span class=\"elementor-button-content-wrapper\">\n\t\t\t\t\t\t\t<span class=\"elementor-button-icon elementor-align-icon-right\">\n\t\t\t\t<i aria-hidden=\"true\" class=\"fas fa-mouse-pointer\"><\/i>\t\t\t<\/span>\n\t\t\t\t\t\t<span class=\"elementor-button-text\">Outback Import<\/span>\n\t\t<\/span>\n\t\t\t\t\t<\/a>\n\t\t<\/div>\n\t\t\t\t<\/div>\n\t\t\t\t<\/div>\n\t\t\t\t<div class=\"elementor-element elementor-element-eb31300 elementor-align-center elementor-widget elementor-widget-button\" data-id=\"eb31300\" data-element_type=\"widget\" data-widget_type=\"button.default\">\n\t\t\t\t<div class=\"elementor-widget-container\">\n\t\t\t\t\t<div class=\"elementor-button-wrapper\">\n\t\t\t<a href=\"http:\/\/www.rockalu.com\" class=\"elementor-button-link elementor-button elementor-size-md elementor-animation-float\" role=\"button\">\n\t\t\t\t\t\t<span class=\"elementor-button-content-wrapper\">\n\t\t\t\t\t\t\t<span class=\"elementor-button-icon elementor-align-icon-right\">\n\t\t\t\t<i aria-hidden=\"true\" class=\"fas fa-mouse-pointer\"><\/i>\t\t\t<\/span>\n\t\t\t\t\t\t<span class=\"elementor-button-text\">Rockalu<\/span>\n\t\t<\/span>\n\t\t\t\t\t<\/a>\n\t\t<\/div>\n\t\t\t\t<\/div>\n\t\t\t\t<\/div>\n\t\t\t\t\t<\/div>\n\t\t<\/div>\n\t\t\t\t\t\t\t<\/div>\n\t\t<\/section>\n\t\t\t\t<section class=\"elementor-section elementor-top-section elementor-element elementor-element-b3a37cb text-center pb0 bg-secondary elementor-section-full_width elementor-section-height-default elementor-section-height-default\" data-id=\"b3a37cb\" data-element_type=\"section\" data-settings=\"{&quot;shape_divider_top&quot;:&quot;mountains&quot;,&quot;background_background&quot;:&quot;classic&quot;}\">\n\t\t\t\t\t<div class=\"elementor-shape elementor-shape-top\" data-negative=\"false\">\n\t\t\t<svg xmlns=\"http:\/\/www.w3.org\/2000\/svg\" viewBox=\"0 0 1000 100\" preserveAspectRatio=\"none\">\n\t<path class=\"elementor-shape-fill\" opacity=\"0.33\" d=\"M473,67.3c-203.9,88.3-263.1-34-320.3,0C66,119.1,0,59.7,0,59.7V0h1000v59.7 c0,0-62.1,26.1-94.9,29.3c-32.8,3.3-62.8-12.3-75.8-22.1C806,49.6,745.3,8.7,694.9,4.7S492.4,59,473,67.3z\"\/>\n\t<path class=\"elementor-shape-fill\" opacity=\"0.66\" d=\"M734,67.3c-45.5,0-77.2-23.2-129.1-39.1c-28.6-8.7-150.3-10.1-254,39.1 s-91.7-34.4-149.2,0C115.7,118.3,0,39.8,0,39.8V0h1000v36.5c0,0-28.2-18.5-92.1-18.5C810.2,18.1,775.7,67.3,734,67.3z\"\/>\n\t<path class=\"elementor-shape-fill\" d=\"M766.1,28.9c-200-57.5-266,65.5-395.1,19.5C242,1.8,242,5.4,184.8,20.6C128,35.8,132.3,44.9,89.9,52.5C28.6,63.7,0,0,0,0 h1000c0,0-9.9,40.9-83.6,48.1S829.6,47,766.1,28.9z\"\/>\n<\/svg>\t\t<\/div>\n\t\t\t\t\t<div class=\"elementor-container elementor-column-gap-default\">\n\t\t\t\t\t<div class=\"elementor-column elementor-col-100 elementor-top-column elementor-element elementor-element-0f6ac9e\" data-id=\"0f6ac9e\" data-element_type=\"column\">\n\t\t\t<div class=\"elementor-widget-wrap elementor-element-populated\">\n\t\t\t\t\t\t\t\t<div class=\"elementor-element elementor-element-4a878e9 elementor-widget elementor-widget-tlg_heading\" data-id=\"4a878e9\" data-element_type=\"widget\" data-widget_type=\"tlg_heading.default\">\n\t\t\t\t<div class=\"elementor-widget-container\">\n\t\t\t<div class=\"tlg-heading mb0 mb-xs-40 text-center\"><h2 class=\"widgettitle\"><FONT COLOR=\"black\"> Qui sommes nous ? <\/FONT><\/h2><div class=\"widgetsubtitle \"><FONT COLOR=\"black\"> About us <\/FONT> <\/div><\/div>\t\t<\/div>\n\t\t\t\t<\/div>\n\t\t\t\t<div class=\"elementor-element elementor-element-d69a6d2 elementor-widget elementor-widget-text-editor\" data-id=\"d69a6d2\" data-element_type=\"widget\" data-widget_type=\"text-editor.default\">\n\t\t\t\t<div class=\"elementor-widget-container\">\n\t\t\t<style>\/*! elementor - v3.6.5 - 27-04-2022 *\/\n.elementor-widget-text-editor.elementor-drop-cap-view-stacked .elementor-drop-cap{background-color:#818a91;color:#fff}.elementor-widget-text-editor.elementor-drop-cap-view-framed .elementor-drop-cap{color:#818a91;border:3px solid;background-color:transparent}.elementor-widget-text-editor:not(.elementor-drop-cap-view-default) .elementor-drop-cap{margin-top:8px}.elementor-widget-text-editor:not(.elementor-drop-cap-view-default) .elementor-drop-cap-letter{width:1em;height:1em}.elementor-widget-text-editor .elementor-drop-cap{float:left;text-align:center;line-height:1;font-size:50px}.elementor-widget-text-editor .elementor-drop-cap-letter{display:inline-block}<\/style>\t\t\t\t<div align=\"\">Fond\u00e9 en 1970, le Groupe <b>STARTER<\/b>\u00a0est le sp\u00e9cialiste fran\u00e7ais des treuils, syst\u00e8mes de manutention sp\u00e9ciaux (STARTER), plateaux porte voitures (EQUIP\u2019MEN) et \u00e9quipements pour v\u00e9hicules tout terrain (OUTBACK IMPORT).<\/div><div align=\"\">\u00a0<\/div><p class=\"x_MsoNormal\">D\u2019une activit\u00e9 exclusivement ax\u00e9e sur la distribution des treuils WARN, le Groupe s\u2019est peu \u00e0 peu d\u00e9velopp\u00e9 au niveau national et international, sur les m\u00e9tiers de la conception de treuils, solutions de d\u00e9pannage et accessoires pour v\u00e9hicules 4&#215;4.<\/p><p class=\"x_MsoNormal\">Nos ing\u00e9nieurs innovent et d\u00e9posent chaque ann\u00e9e de nombreux brevets pour offrir \u00e0 nos clients des produits et solutions de pointe adapt\u00e9es aux r\u00e9alit\u00e9s du terrain.<\/p>\t\t\t\t\t\t<\/div>\n\t\t\t\t<\/div>\n\t\t\t\t\t<\/div>\n\t\t<\/div>\n\t\t\t\t\t\t\t<\/div>\n\t\t<\/section>\n\t\t\t\t<section class=\"elementor-section elementor-top-section elementor-element elementor-element-f423a7f elementor-section-boxed elementor-section-height-default elementor-section-height-default bg-light\" data-id=\"f423a7f\" data-element_type=\"section\" data-settings=\"{&quot;background_background&quot;:&quot;gradient&quot;}\">\n\t\t\t\t\t\t<div class=\"elementor-container elementor-column-gap-default\">\n\t\t\t\t\t<div class=\"elementor-column elementor-col-100 elementor-top-column elementor-element elementor-element-ab47dea\" data-id=\"ab47dea\" data-element_type=\"column\">\n\t\t\t<div class=\"elementor-widget-wrap\">\n\t\t\t\t\t\t\t\t\t<\/div>\n\t\t<\/div>\n\t\t\t\t\t\t\t<\/div>\n\t\t<\/section>\n\t\t\t\t\t\t\t<\/div>\n\t\t","protected":false},"excerpt":{"rendered":"<p>NOS ENTREPRISES Our companies Treuils et potences Winches and jib cranes . V\u00e9hicules de d\u00e9pannage Tow trucks . Equipements pour v\u00e9hicules tout-terrain All terrain vehicle equipement Starter Winches Argevin\u00e7 Equipmen Outback Import Rockalu Qui sommes nous ? About us Fond\u00e9 en 1970, le Groupe STARTER\u00a0est le sp\u00e9cialiste fran\u00e7ais des treuils, syst\u00e8mes de manutention sp\u00e9ciaux (STARTER),&#8230;<\/p>\n","protected":false},"author":1,"featured_media":0,"parent":1908,"menu_order":1,"comment_status":"closed","ping_status":"closed","template":"elementor_canvas","meta":{"footnotes":""},"class_list":["post-4640","page","type-page","status-publish","hentry"],"_links":{"self":[{"href":"https:\/\/groupestarter.fr\/index.php\/wp-json\/wp\/v2\/pages\/4640","targetHints":{"allow":["GET"]}}],"collection":[{"href":"https:\/\/groupestarter.fr\/index.php\/wp-json\/wp\/v2\/pages"}],"about":[{"href":"https:\/\/groupestarter.fr\/index.php\/wp-json\/wp\/v2\/types\/page"}],"author":[{"embeddable":true,"href":"https:\/\/groupestarter.fr\/index.php\/wp-json\/wp\/v2\/users\/1"}],"replies":[{"embeddable":true,"href":"https:\/\/groupestarter.fr\/index.php\/wp-json\/wp\/v2\/comments?post=4640"}],"version-history":[{"count":253,"href":"https:\/\/groupestarter.fr\/index.php\/wp-json\/wp\/v2\/pages\/4640\/revisions"}],"predecessor-version":[{"id":4966,"href":"https:\/\/groupestarter.fr\/index.php\/wp-json\/wp\/v2\/pages\/4640\/revisions\/4966"}],"up":[{"embeddable":true,"href":"https:\/\/groupestarter.fr\/index.php\/wp-json\/wp\/v2\/pages\/1908"}],"wp:attachment":[{"href":"https:\/\/groupestarter.fr\/index.php\/wp-json\/wp\/v2\/media?parent=4640"}],"curies":[{"name":"wp","href":"https:\/\/api.w.org\/{rel}","templated":true}]}}